{"id":9702,"date":"2019-10-07T15:11:03","date_gmt":"2019-10-07T13:11:03","guid":{"rendered":"https:\/\/medizentrum-eckert.de\/hno\/?page_id=9702"},"modified":"2019-10-16T08:33:09","modified_gmt":"2019-10-16T06:33:09","slug":"gleichgewichts-diagnostik","status":"publish","type":"page","link":"https:\/\/medizentrum-eckert.de\/hno\/leistungen\/gleichgewichts-diagnostik\/","title":{"rendered":"Gleichgewichts-Diagnostik"},"content":{"rendered":"<p>[vc_row type=&#8220;vc_default&#8220; full_width_row=&#8220;true&#8220; bg_type=&#8220;image&#8220; parallax_style=&#8220;vcpb-default&#8220; bg_image_new=&#8220;id^9742|url^https:\/\/medizentrum-eckert.de\/hno\/wp-content\/uploads\/sites\/5\/2019\/10\/hno_landingpage_eckert.jpg|caption^null|alt^null|title^hno_landingpage_eckert|description^null&#8220; bg_image_repeat=&#8220;no-repeat&#8220; bg_override=&#8220;full&#8220; min_height=&#8220;400px&#8220; el_class=&#8220;tg-header-image&#8220;][vc_column][\/vc_column][\/vc_row][vc_row type=&#8220;vc_default&#8220; el_class=&#8220;tg-title-headline-wrapper&#8220;][vc_column][vc_column_text]<\/p>\n<div class=\"wrapper-page-title\">\n<h1 class=\"h1-size\">Gleichgewichts-Diagnostik<\/h1>\n<ol class=\"breadcrumbs text-small\">\n<li><a title=\"\" href=\"https:\/\/medizentrum-eckert.de\/kieferorthopaedie\/\" rel=\"v:url\">Start<\/a><\/li>\n<li><a title=\"\" href=\"https:\/\/medizentrum-eckert.de\/kieferorthopaedie\/leistungen\/\" rel=\"v:url\">Leistungen<\/a><\/li>\n<li class=\"current\">Gleichgewichts-Diagnostik<\/li>\n<\/ol>\n<\/div>\n<p>[\/vc_column_text][\/vc_column][\/vc_row][vc_row margin_bottom=&#8220;50&#8243;][vc_column][vc_column_text]Schwindel geh\u00f6rt heute zu den h\u00e4ufigsten Beschwerden, weswegen der Arzt aufgesucht wird. Oftmals liegt die Ursache f\u00fcr Schwindelerkrankungen und Gleich\u00adgewichtsst\u00f6rungen im Bereich des Innenohrs.<br \/>\nDurch spezielle moderne Untersuchungsverfahren wird die Ursache der Beschwerden und das Risiko der Sturzneigung ermittelt.<\/p>\n<p>Sobald eine Schwindelursache genau erkannt ist, kann in vielen F\u00e4llen eine erfolgreiche Behandlung durch spezielle Lagerungsman\u00f6ver, Medikamente oder im Rahmen eines Gleichgewichtstrainings erfolgen.<\/p>\n<p>Gleichzeitig bieten wir Trainingsm\u00f6glichkeiten an, um Schwindelbeschwerden und Gleich\u00adgewichts\u00adst\u00f6rungen zu verbessern.[\/vc_column_text][\/vc_column][\/vc_row]<\/p>\n","protected":false},"excerpt":{"rendered":"<p>[vc_row type=&#8220;vc_default&#8220; full_width_row=&#8220;true&#8220; bg_type=&#8220;image&#8220; parallax_style=&#8220;vcpb-default&#8220; bg_image_new=&#8220;id^9742|url^https:\/\/medizentrum-eckert.de\/hno\/wp-content\/uploads\/sites\/5\/2019\/10\/hno_landingpage_eckert.jpg|caption^null|alt^null|title^hno_landingpage_eckert|description^null&#8220; bg_image_repeat=&#8220;no-repeat&#8220; bg_override=&#8220;full&#8220; min_height=&#8220;400px&#8220; el_class=&#8220;tg-header-image&#8220;][vc_column][\/vc_column][\/vc_row][vc_row type=&#8220;vc_default&#8220; el_class=&#8220;tg-title-headline-wrapper&#8220;][vc_column][vc_column_text] Gleichgewichts-Diagnostik Start Leistungen Gleichgewichts-Diagnostik [\/vc_column_text][\/vc_column][\/vc_row][vc_row margin_bottom=&#8220;50&#8243;][vc_column][vc_column_text]Schwindel geh\u00f6rt heute zu den h\u00e4ufigsten Beschwerden, weswegen der Arzt aufgesucht wird. Oftmals liegt die Ursache f\u00fcr Schwindelerkrankungen und Gleich\u00adgewichtsst\u00f6rungen im Bereich des Innenohrs. Durch spezielle moderne Untersuchungsverfahren wird die Ursache der Beschwerden und das Risiko der Sturzneigung&hellip;<\/p>\n","protected":false},"author":1,"featured_media":0,"parent":6132,"menu_order":0,"comment_status":"closed","ping_status":"closed","template":"","meta":[],"yoast_head":"<!-- This site is optimized with the Yoast SEO plugin v20.2.1 - https:\/\/yoast.com\/wordpress\/plugins\/seo\/ -->\n<title>Gleichgewichts-Diagnostik - HNO<\/title>\n<meta name=\"description\" content=\"Durch spezielle moderne Untersuchungsverfahren (Video\u00adNystag\u00admographie und Posturographie) wird die Ursache der Beschwerden und das Risiko der Sturzneigung ermittelt.\" \/>\n<meta name=\"robots\" content=\"index, follow, max-snippet:-1, max-image-preview:large, max-video-preview:-1\" \/>\n<link rel=\"canonical\" href=\"https:\/\/medizentrum-eckert.de\/hno\/leistungen\/gleichgewichts-diagnostik\/\" \/>\n<meta property=\"og:locale\" content=\"de_DE\" \/>\n<meta property=\"og:type\" content=\"article\" \/>\n<meta property=\"og:title\" content=\"Gleichgewichts-Diagnostik - HNO\" \/>\n<meta property=\"og:description\" content=\"Durch spezielle moderne Untersuchungsverfahren (Video\u00adNystag\u00admographie und Posturographie) wird die Ursache der Beschwerden und das Risiko der Sturzneigung ermittelt.\" \/>\n<meta property=\"og:url\" content=\"https:\/\/medizentrum-eckert.de\/hno\/leistungen\/gleichgewichts-diagnostik\/\" \/>\n<meta property=\"og:site_name\" content=\"HNO\" \/>\n<meta property=\"article:modified_time\" content=\"2019-10-16T06:33:09+00:00\" \/>\n<meta name=\"twitter:card\" content=\"summary_large_image\" \/>\n<meta name=\"twitter:label1\" content=\"Gesch\u00e4tzte Lesezeit\" \/>\n\t<meta name=\"twitter:data1\" content=\"1\u00a0Minute\" \/>\n<script type=\"application\/ld+json\" class=\"yoast-schema-graph\">{\"@context\":\"https:\/\/schema.org\",\"@graph\":[{\"@type\":\"WebPage\",\"@id\":\"https:\/\/medizentrum-eckert.de\/hno\/leistungen\/gleichgewichts-diagnostik\/\",\"url\":\"https:\/\/medizentrum-eckert.de\/hno\/leistungen\/gleichgewichts-diagnostik\/\",\"name\":\"Gleichgewichts-Diagnostik - HNO\",\"isPartOf\":{\"@id\":\"https:\/\/medizentrum-eckert.de\/hno\/#website\"},\"datePublished\":\"2019-10-07T13:11:03+00:00\",\"dateModified\":\"2019-10-16T06:33:09+00:00\",\"description\":\"Durch spezielle moderne Untersuchungsverfahren (Video\u00adNystag\u00admographie und Posturographie) wird die Ursache der Beschwerden und das Risiko der Sturzneigung ermittelt.\",\"breadcrumb\":{\"@id\":\"https:\/\/medizentrum-eckert.de\/hno\/leistungen\/gleichgewichts-diagnostik\/#breadcrumb\"},\"inLanguage\":\"de\",\"potentialAction\":[{\"@type\":\"ReadAction\",\"target\":[\"https:\/\/medizentrum-eckert.de\/hno\/leistungen\/gleichgewichts-diagnostik\/\"]}]},{\"@type\":\"BreadcrumbList\",\"@id\":\"https:\/\/medizentrum-eckert.de\/hno\/leistungen\/gleichgewichts-diagnostik\/#breadcrumb\",\"itemListElement\":[{\"@type\":\"ListItem\",\"position\":1,\"name\":\"Startseite\",\"item\":\"https:\/\/medizentrum-eckert.de\/hno\/\"},{\"@type\":\"ListItem\",\"position\":2,\"name\":\"Leistungen\",\"item\":\"https:\/\/medizentrum-eckert.de\/hno\/leistungen\/\"},{\"@type\":\"ListItem\",\"position\":3,\"name\":\"Gleichgewichts-Diagnostik\"}]},{\"@type\":\"WebSite\",\"@id\":\"https:\/\/medizentrum-eckert.de\/hno\/#website\",\"url\":\"https:\/\/medizentrum-eckert.de\/hno\/\",\"name\":\"HNO\",\"description\":\"\",\"potentialAction\":[{\"@type\":\"SearchAction\",\"target\":{\"@type\":\"EntryPoint\",\"urlTemplate\":\"https:\/\/medizentrum-eckert.de\/hno\/?s={search_term_string}\"},\"query-input\":\"required name=search_term_string\"}],\"inLanguage\":\"de\"}]}<\/script>\n<!-- \/ Yoast SEO plugin. -->","yoast_head_json":{"title":"Gleichgewichts-Diagnostik - HNO","description":"Durch spezielle moderne Untersuchungsverfahren (Video\u00adNystag\u00admographie und Posturographie) wird die Ursache der Beschwerden und das Risiko der Sturzneigung ermittelt.","robots":{"index":"index","follow":"follow","max-snippet":"max-snippet:-1","max-image-preview":"max-image-preview:large","max-video-preview":"max-video-preview:-1"},"canonical":"https:\/\/medizentrum-eckert.de\/hno\/leistungen\/gleichgewichts-diagnostik\/","og_locale":"de_DE","og_type":"article","og_title":"Gleichgewichts-Diagnostik - HNO","og_description":"Durch spezielle moderne Untersuchungsverfahren (Video\u00adNystag\u00admographie und Posturographie) wird die Ursache der Beschwerden und das Risiko der Sturzneigung ermittelt.","og_url":"https:\/\/medizentrum-eckert.de\/hno\/leistungen\/gleichgewichts-diagnostik\/","og_site_name":"HNO","article_modified_time":"2019-10-16T06:33:09+00:00","twitter_card":"summary_large_image","twitter_misc":{"Gesch\u00e4tzte Lesezeit":"1\u00a0Minute"},"schema":{"@context":"https:\/\/schema.org","@graph":[{"@type":"WebPage","@id":"https:\/\/medizentrum-eckert.de\/hno\/leistungen\/gleichgewichts-diagnostik\/","url":"https:\/\/medizentrum-eckert.de\/hno\/leistungen\/gleichgewichts-diagnostik\/","name":"Gleichgewichts-Diagnostik - HNO","isPartOf":{"@id":"https:\/\/medizentrum-eckert.de\/hno\/#website"},"datePublished":"2019-10-07T13:11:03+00:00","dateModified":"2019-10-16T06:33:09+00:00","description":"Durch spezielle moderne Untersuchungsverfahren (Video\u00adNystag\u00admographie und Posturographie) wird die Ursache der Beschwerden und das Risiko der Sturzneigung ermittelt.","breadcrumb":{"@id":"https:\/\/medizentrum-eckert.de\/hno\/leistungen\/gleichgewichts-diagnostik\/#breadcrumb"},"inLanguage":"de","potentialAction":[{"@type":"ReadAction","target":["https:\/\/medizentrum-eckert.de\/hno\/leistungen\/gleichgewichts-diagnostik\/"]}]},{"@type":"BreadcrumbList","@id":"https:\/\/medizentrum-eckert.de\/hno\/leistungen\/gleichgewichts-diagnostik\/#breadcrumb","itemListElement":[{"@type":"ListItem","position":1,"name":"Startseite","item":"https:\/\/medizentrum-eckert.de\/hno\/"},{"@type":"ListItem","position":2,"name":"Leistungen","item":"https:\/\/medizentrum-eckert.de\/hno\/leistungen\/"},{"@type":"ListItem","position":3,"name":"Gleichgewichts-Diagnostik"}]},{"@type":"WebSite","@id":"https:\/\/medizentrum-eckert.de\/hno\/#website","url":"https:\/\/medizentrum-eckert.de\/hno\/","name":"HNO","description":"","potentialAction":[{"@type":"SearchAction","target":{"@type":"EntryPoint","urlTemplate":"https:\/\/medizentrum-eckert.de\/hno\/?s={search_term_string}"},"query-input":"required name=search_term_string"}],"inLanguage":"de"}]}},"_links":{"self":[{"href":"https:\/\/medizentrum-eckert.de\/hno\/wp-json\/wp\/v2\/pages\/9702"}],"collection":[{"href":"https:\/\/medizentrum-eckert.de\/hno\/wp-json\/wp\/v2\/pages"}],"about":[{"href":"https:\/\/medizentrum-eckert.de\/hno\/wp-json\/wp\/v2\/types\/page"}],"author":[{"embeddable":true,"href":"https:\/\/medizentrum-eckert.de\/hno\/wp-json\/wp\/v2\/users\/1"}],"replies":[{"embeddable":true,"href":"https:\/\/medizentrum-eckert.de\/hno\/wp-json\/wp\/v2\/comments?post=9702"}],"version-history":[{"count":9,"href":"https:\/\/medizentrum-eckert.de\/hno\/wp-json\/wp\/v2\/pages\/9702\/revisions"}],"predecessor-version":[{"id":9796,"href":"https:\/\/medizentrum-eckert.de\/hno\/wp-json\/wp\/v2\/pages\/9702\/revisions\/9796"}],"up":[{"embeddable":true,"href":"https:\/\/medizentrum-eckert.de\/hno\/wp-json\/wp\/v2\/pages\/6132"}],"wp:attachment":[{"href":"https:\/\/medizentrum-eckert.de\/hno\/wp-json\/wp\/v2\/media?parent=9702"}],"curies":[{"name":"wp","href":"https:\/\/api.w.org\/{rel}","templated":true}]}}