{"id":3309,"date":"2017-02-24T11:26:26","date_gmt":"2017-02-24T10:26:26","guid":{"rendered":"https:\/\/augenzentrum-eckert.de\/?page_id=3309"},"modified":"2017-02-24T11:26:26","modified_gmt":"2017-02-24T10:26:26","slug":"xanthelasmen-flache-gelbbraeunliche-plattenfoermige-cholesterinablagerungen-in-der-lidhaut","status":"publish","type":"page","link":"https:\/\/medizentrum-eckert.de\/hno\/info\/xanthelasmen-flache-gelbbraeunliche-plattenfoermige-cholesterinablagerungen-in-der-lidhaut\/","title":{"rendered":"Xanthelasmen (flache, gelbbr\u00e4unliche, plattenf\u00f6rmige Cholesterinablagerungen in der Lidhaut)"},"content":{"rendered":"<p>Diese Ablagerungen werden durch ein sog. \u201eUmschneiden\u201c entfernt. Nat\u00fcrlich entlang der Hautspaltlinien im Gesicht. Zus\u00e4tzlich wird h\u00e4ufig empfohlen, auch die Blutfette durch den Hausarzt noch optimaler einzustellen.  <\/p>\n","protected":false},"excerpt":{"rendered":"<p>Diese Ablagerungen werden durch ein sog. \u201eUmschneiden\u201c entfernt. Nat\u00fcrlich entlang der Hautspaltlinien im Gesicht. Zus\u00e4tzlich wird h\u00e4ufig empfohlen, auch die Blutfette durch den Hausarzt noch optimaler einzustellen.<\/p>\n","protected":false},"author":1,"featured_media":0,"parent":16,"menu_order":0,"comment_status":"closed","ping_status":"closed","template":"","meta":[],"yoast_head":"<!-- This site is optimized with the Yoast SEO plugin v20.2.1 - https:\/\/yoast.com\/wordpress\/plugins\/seo\/ -->\n<title>Xanthelasmen (flache, gelbbr\u00e4unliche, plattenf\u00f6rmige Cholesterinablagerungen in der Lidhaut) - HNO<\/title>\n<meta name=\"robots\" content=\"index, follow, max-snippet:-1, max-image-preview:large, max-video-preview:-1\" \/>\n<link rel=\"canonical\" href=\"https:\/\/medizentrum-eckert.de\/hno\/info\/lexikon-kieferorthopaedie-eckert__trashed\/xanthelasmen-flache-gelbbraeunliche-plattenfoermige-cholesterinablagerungen-in-der-lidhaut\/\" \/>\n<meta property=\"og:locale\" content=\"de_DE\" \/>\n<meta property=\"og:type\" content=\"article\" \/>\n<meta property=\"og:title\" content=\"Xanthelasmen (flache, gelbbr\u00e4unliche, plattenf\u00f6rmige Cholesterinablagerungen in der Lidhaut) - HNO\" \/>\n<meta property=\"og:description\" content=\"Diese Ablagerungen werden durch ein sog. \u201eUmschneiden\u201c entfernt. Nat\u00fcrlich entlang der Hautspaltlinien im Gesicht. Zus\u00e4tzlich wird h\u00e4ufig empfohlen, auch die Blutfette durch den Hausarzt noch optimaler einzustellen.\" \/>\n<meta property=\"og:url\" content=\"https:\/\/medizentrum-eckert.de\/hno\/info\/lexikon-kieferorthopaedie-eckert__trashed\/xanthelasmen-flache-gelbbraeunliche-plattenfoermige-cholesterinablagerungen-in-der-lidhaut\/\" \/>\n<meta property=\"og:site_name\" content=\"HNO\" \/>\n<meta name=\"twitter:card\" content=\"summary_large_image\" \/>\n<script type=\"application\/ld+json\" class=\"yoast-schema-graph\">{\"@context\":\"https:\/\/schema.org\",\"@graph\":[{\"@type\":\"WebPage\",\"@id\":\"https:\/\/medizentrum-eckert.de\/hno\/info\/lexikon-kieferorthopaedie-eckert__trashed\/xanthelasmen-flache-gelbbraeunliche-plattenfoermige-cholesterinablagerungen-in-der-lidhaut\/\",\"url\":\"https:\/\/medizentrum-eckert.de\/hno\/info\/lexikon-kieferorthopaedie-eckert__trashed\/xanthelasmen-flache-gelbbraeunliche-plattenfoermige-cholesterinablagerungen-in-der-lidhaut\/\",\"name\":\"Xanthelasmen (flache, gelbbr\u00e4unliche, plattenf\u00f6rmige Cholesterinablagerungen in der Lidhaut) - HNO\",\"isPartOf\":{\"@id\":\"https:\/\/medizentrum-eckert.de\/hno\/#website\"},\"datePublished\":\"2017-02-24T10:26:26+00:00\",\"dateModified\":\"2017-02-24T10:26:26+00:00\",\"breadcrumb\":{\"@id\":\"https:\/\/medizentrum-eckert.de\/hno\/info\/lexikon-kieferorthopaedie-eckert__trashed\/xanthelasmen-flache-gelbbraeunliche-plattenfoermige-cholesterinablagerungen-in-der-lidhaut\/#breadcrumb\"},\"inLanguage\":\"de\",\"potentialAction\":[{\"@type\":\"ReadAction\",\"target\":[\"https:\/\/medizentrum-eckert.de\/hno\/info\/lexikon-kieferorthopaedie-eckert__trashed\/xanthelasmen-flache-gelbbraeunliche-plattenfoermige-cholesterinablagerungen-in-der-lidhaut\/\"]}]},{\"@type\":\"BreadcrumbList\",\"@id\":\"https:\/\/medizentrum-eckert.de\/hno\/info\/lexikon-kieferorthopaedie-eckert__trashed\/xanthelasmen-flache-gelbbraeunliche-plattenfoermige-cholesterinablagerungen-in-der-lidhaut\/#breadcrumb\",\"itemListElement\":[{\"@type\":\"ListItem\",\"position\":1,\"name\":\"Startseite\",\"item\":\"https:\/\/medizentrum-eckert.de\/hno\/\"},{\"@type\":\"ListItem\",\"position\":2,\"name\":\"Info\",\"item\":\"https:\/\/medizentrum-eckert.de\/hno\/info\/\"},{\"@type\":\"ListItem\",\"position\":3,\"name\":\"Xanthelasmen (flache, gelbbr\u00e4unliche, plattenf\u00f6rmige Cholesterinablagerungen in der Lidhaut)\"}]},{\"@type\":\"WebSite\",\"@id\":\"https:\/\/medizentrum-eckert.de\/hno\/#website\",\"url\":\"https:\/\/medizentrum-eckert.de\/hno\/\",\"name\":\"HNO\",\"description\":\"\",\"potentialAction\":[{\"@type\":\"SearchAction\",\"target\":{\"@type\":\"EntryPoint\",\"urlTemplate\":\"https:\/\/medizentrum-eckert.de\/hno\/?s={search_term_string}\"},\"query-input\":\"required name=search_term_string\"}],\"inLanguage\":\"de\"}]}<\/script>\n<!-- \/ Yoast SEO plugin. -->","yoast_head_json":{"title":"Xanthelasmen (flache, gelbbr\u00e4unliche, plattenf\u00f6rmige Cholesterinablagerungen in der Lidhaut) - HNO","robots":{"index":"index","follow":"follow","max-snippet":"max-snippet:-1","max-image-preview":"max-image-preview:large","max-video-preview":"max-video-preview:-1"},"canonical":"https:\/\/medizentrum-eckert.de\/hno\/info\/lexikon-kieferorthopaedie-eckert__trashed\/xanthelasmen-flache-gelbbraeunliche-plattenfoermige-cholesterinablagerungen-in-der-lidhaut\/","og_locale":"de_DE","og_type":"article","og_title":"Xanthelasmen (flache, gelbbr\u00e4unliche, plattenf\u00f6rmige Cholesterinablagerungen in der Lidhaut) - HNO","og_description":"Diese Ablagerungen werden durch ein sog. \u201eUmschneiden\u201c entfernt. Nat\u00fcrlich entlang der Hautspaltlinien im Gesicht. Zus\u00e4tzlich wird h\u00e4ufig empfohlen, auch die Blutfette durch den Hausarzt noch optimaler einzustellen.","og_url":"https:\/\/medizentrum-eckert.de\/hno\/info\/lexikon-kieferorthopaedie-eckert__trashed\/xanthelasmen-flache-gelbbraeunliche-plattenfoermige-cholesterinablagerungen-in-der-lidhaut\/","og_site_name":"HNO","twitter_card":"summary_large_image","schema":{"@context":"https:\/\/schema.org","@graph":[{"@type":"WebPage","@id":"https:\/\/medizentrum-eckert.de\/hno\/info\/lexikon-kieferorthopaedie-eckert__trashed\/xanthelasmen-flache-gelbbraeunliche-plattenfoermige-cholesterinablagerungen-in-der-lidhaut\/","url":"https:\/\/medizentrum-eckert.de\/hno\/info\/lexikon-kieferorthopaedie-eckert__trashed\/xanthelasmen-flache-gelbbraeunliche-plattenfoermige-cholesterinablagerungen-in-der-lidhaut\/","name":"Xanthelasmen (flache, gelbbr\u00e4unliche, plattenf\u00f6rmige Cholesterinablagerungen in der Lidhaut) - HNO","isPartOf":{"@id":"https:\/\/medizentrum-eckert.de\/hno\/#website"},"datePublished":"2017-02-24T10:26:26+00:00","dateModified":"2017-02-24T10:26:26+00:00","breadcrumb":{"@id":"https:\/\/medizentrum-eckert.de\/hno\/info\/lexikon-kieferorthopaedie-eckert__trashed\/xanthelasmen-flache-gelbbraeunliche-plattenfoermige-cholesterinablagerungen-in-der-lidhaut\/#breadcrumb"},"inLanguage":"de","potentialAction":[{"@type":"ReadAction","target":["https:\/\/medizentrum-eckert.de\/hno\/info\/lexikon-kieferorthopaedie-eckert__trashed\/xanthelasmen-flache-gelbbraeunliche-plattenfoermige-cholesterinablagerungen-in-der-lidhaut\/"]}]},{"@type":"BreadcrumbList","@id":"https:\/\/medizentrum-eckert.de\/hno\/info\/lexikon-kieferorthopaedie-eckert__trashed\/xanthelasmen-flache-gelbbraeunliche-plattenfoermige-cholesterinablagerungen-in-der-lidhaut\/#breadcrumb","itemListElement":[{"@type":"ListItem","position":1,"name":"Startseite","item":"https:\/\/medizentrum-eckert.de\/hno\/"},{"@type":"ListItem","position":2,"name":"Info","item":"https:\/\/medizentrum-eckert.de\/hno\/info\/"},{"@type":"ListItem","position":3,"name":"Xanthelasmen (flache, gelbbr\u00e4unliche, plattenf\u00f6rmige Cholesterinablagerungen in der Lidhaut)"}]},{"@type":"WebSite","@id":"https:\/\/medizentrum-eckert.de\/hno\/#website","url":"https:\/\/medizentrum-eckert.de\/hno\/","name":"HNO","description":"","potentialAction":[{"@type":"SearchAction","target":{"@type":"EntryPoint","urlTemplate":"https:\/\/medizentrum-eckert.de\/hno\/?s={search_term_string}"},"query-input":"required name=search_term_string"}],"inLanguage":"de"}]}},"_links":{"self":[{"href":"https:\/\/medizentrum-eckert.de\/hno\/wp-json\/wp\/v2\/pages\/3309"}],"collection":[{"href":"https:\/\/medizentrum-eckert.de\/hno\/wp-json\/wp\/v2\/pages"}],"about":[{"href":"https:\/\/medizentrum-eckert.de\/hno\/wp-json\/wp\/v2\/types\/page"}],"author":[{"embeddable":true,"href":"https:\/\/medizentrum-eckert.de\/hno\/wp-json\/wp\/v2\/users\/1"}],"replies":[{"embeddable":true,"href":"https:\/\/medizentrum-eckert.de\/hno\/wp-json\/wp\/v2\/comments?post=3309"}],"version-history":[{"count":0,"href":"https:\/\/medizentrum-eckert.de\/hno\/wp-json\/wp\/v2\/pages\/3309\/revisions"}],"up":[{"embeddable":true,"href":"https:\/\/medizentrum-eckert.de\/hno\/wp-json\/wp\/v2\/pages\/16"}],"wp:attachment":[{"href":"https:\/\/medizentrum-eckert.de\/hno\/wp-json\/wp\/v2\/media?parent=3309"}],"curies":[{"name":"wp","href":"https:\/\/api.w.org\/{rel}","templated":true}]}}