{"id":3285,"date":"2017-02-24T11:08:17","date_gmt":"2017-02-24T10:08:17","guid":{"rendered":"https:\/\/augenzentrum-eckert.de\/?page_id=3285"},"modified":"2017-02-24T11:08:17","modified_gmt":"2017-02-24T10:08:17","slug":"eversio-puncti-lacrimalis-auswaerts-gedrehtes-traenenpuenktchen","status":"publish","type":"page","link":"https:\/\/medizentrum-eckert.de\/hno\/info\/eversio-puncti-lacrimalis-auswaerts-gedrehtes-traenenpuenktchen\/","title":{"rendered":"Eversio puncti lacrimalis (ausw\u00e4rts gedrehtes Tr\u00e4nenp\u00fcnktchen)"},"content":{"rendered":"<p>Hier wird die Bindehaut rautenartig entfernt \u2013 aber nur der Teil, der sich unterhalb des Tr\u00e4nenp\u00fcnktchens befindet.<\/p>\n","protected":false},"excerpt":{"rendered":"<p>Hier wird die Bindehaut rautenartig entfernt \u2013 aber nur der Teil, der sich unterhalb des Tr\u00e4nenp\u00fcnktchens befindet.<\/p>\n","protected":false},"author":1,"featured_media":0,"parent":16,"menu_order":0,"comment_status":"closed","ping_status":"closed","template":"","meta":[],"yoast_head":"<!-- This site is optimized with the Yoast SEO plugin v20.2.1 - https:\/\/yoast.com\/wordpress\/plugins\/seo\/ -->\n<title>Eversio puncti lacrimalis (ausw\u00e4rts gedrehtes Tr\u00e4nenp\u00fcnktchen) - HNO<\/title>\n<meta name=\"robots\" content=\"index, follow, max-snippet:-1, max-image-preview:large, max-video-preview:-1\" \/>\n<link rel=\"canonical\" href=\"https:\/\/medizentrum-eckert.de\/hno\/info\/lexikon-kieferorthopaedie-eckert__trashed\/eversio-puncti-lacrimalis-auswaerts-gedrehtes-traenenpuenktchen\/\" \/>\n<meta property=\"og:locale\" content=\"de_DE\" \/>\n<meta property=\"og:type\" content=\"article\" \/>\n<meta property=\"og:title\" content=\"Eversio puncti lacrimalis (ausw\u00e4rts gedrehtes Tr\u00e4nenp\u00fcnktchen) - HNO\" \/>\n<meta property=\"og:description\" content=\"Hier wird die Bindehaut rautenartig entfernt \u2013 aber nur der Teil, der sich unterhalb des Tr\u00e4nenp\u00fcnktchens befindet.\" \/>\n<meta property=\"og:url\" content=\"https:\/\/medizentrum-eckert.de\/hno\/info\/lexikon-kieferorthopaedie-eckert__trashed\/eversio-puncti-lacrimalis-auswaerts-gedrehtes-traenenpuenktchen\/\" \/>\n<meta property=\"og:site_name\" content=\"HNO\" \/>\n<meta name=\"twitter:card\" content=\"summary_large_image\" \/>\n<script type=\"application\/ld+json\" class=\"yoast-schema-graph\">{\"@context\":\"https:\/\/schema.org\",\"@graph\":[{\"@type\":\"WebPage\",\"@id\":\"https:\/\/medizentrum-eckert.de\/hno\/info\/lexikon-kieferorthopaedie-eckert__trashed\/eversio-puncti-lacrimalis-auswaerts-gedrehtes-traenenpuenktchen\/\",\"url\":\"https:\/\/medizentrum-eckert.de\/hno\/info\/lexikon-kieferorthopaedie-eckert__trashed\/eversio-puncti-lacrimalis-auswaerts-gedrehtes-traenenpuenktchen\/\",\"name\":\"Eversio puncti lacrimalis (ausw\u00e4rts gedrehtes Tr\u00e4nenp\u00fcnktchen) - HNO\",\"isPartOf\":{\"@id\":\"https:\/\/medizentrum-eckert.de\/hno\/#website\"},\"datePublished\":\"2017-02-24T10:08:17+00:00\",\"dateModified\":\"2017-02-24T10:08:17+00:00\",\"breadcrumb\":{\"@id\":\"https:\/\/medizentrum-eckert.de\/hno\/info\/lexikon-kieferorthopaedie-eckert__trashed\/eversio-puncti-lacrimalis-auswaerts-gedrehtes-traenenpuenktchen\/#breadcrumb\"},\"inLanguage\":\"de\",\"potentialAction\":[{\"@type\":\"ReadAction\",\"target\":[\"https:\/\/medizentrum-eckert.de\/hno\/info\/lexikon-kieferorthopaedie-eckert__trashed\/eversio-puncti-lacrimalis-auswaerts-gedrehtes-traenenpuenktchen\/\"]}]},{\"@type\":\"BreadcrumbList\",\"@id\":\"https:\/\/medizentrum-eckert.de\/hno\/info\/lexikon-kieferorthopaedie-eckert__trashed\/eversio-puncti-lacrimalis-auswaerts-gedrehtes-traenenpuenktchen\/#breadcrumb\",\"itemListElement\":[{\"@type\":\"ListItem\",\"position\":1,\"name\":\"Startseite\",\"item\":\"https:\/\/medizentrum-eckert.de\/hno\/\"},{\"@type\":\"ListItem\",\"position\":2,\"name\":\"Info\",\"item\":\"https:\/\/medizentrum-eckert.de\/hno\/info\/\"},{\"@type\":\"ListItem\",\"position\":3,\"name\":\"Eversio puncti lacrimalis (ausw\u00e4rts gedrehtes Tr\u00e4nenp\u00fcnktchen)\"}]},{\"@type\":\"WebSite\",\"@id\":\"https:\/\/medizentrum-eckert.de\/hno\/#website\",\"url\":\"https:\/\/medizentrum-eckert.de\/hno\/\",\"name\":\"HNO\",\"description\":\"\",\"potentialAction\":[{\"@type\":\"SearchAction\",\"target\":{\"@type\":\"EntryPoint\",\"urlTemplate\":\"https:\/\/medizentrum-eckert.de\/hno\/?s={search_term_string}\"},\"query-input\":\"required name=search_term_string\"}],\"inLanguage\":\"de\"}]}<\/script>\n<!-- \/ Yoast SEO plugin. -->","yoast_head_json":{"title":"Eversio puncti lacrimalis (ausw\u00e4rts gedrehtes Tr\u00e4nenp\u00fcnktchen) - HNO","robots":{"index":"index","follow":"follow","max-snippet":"max-snippet:-1","max-image-preview":"max-image-preview:large","max-video-preview":"max-video-preview:-1"},"canonical":"https:\/\/medizentrum-eckert.de\/hno\/info\/lexikon-kieferorthopaedie-eckert__trashed\/eversio-puncti-lacrimalis-auswaerts-gedrehtes-traenenpuenktchen\/","og_locale":"de_DE","og_type":"article","og_title":"Eversio puncti lacrimalis (ausw\u00e4rts gedrehtes Tr\u00e4nenp\u00fcnktchen) - HNO","og_description":"Hier wird die Bindehaut rautenartig entfernt \u2013 aber nur der Teil, der sich unterhalb des Tr\u00e4nenp\u00fcnktchens befindet.","og_url":"https:\/\/medizentrum-eckert.de\/hno\/info\/lexikon-kieferorthopaedie-eckert__trashed\/eversio-puncti-lacrimalis-auswaerts-gedrehtes-traenenpuenktchen\/","og_site_name":"HNO","twitter_card":"summary_large_image","schema":{"@context":"https:\/\/schema.org","@graph":[{"@type":"WebPage","@id":"https:\/\/medizentrum-eckert.de\/hno\/info\/lexikon-kieferorthopaedie-eckert__trashed\/eversio-puncti-lacrimalis-auswaerts-gedrehtes-traenenpuenktchen\/","url":"https:\/\/medizentrum-eckert.de\/hno\/info\/lexikon-kieferorthopaedie-eckert__trashed\/eversio-puncti-lacrimalis-auswaerts-gedrehtes-traenenpuenktchen\/","name":"Eversio puncti lacrimalis (ausw\u00e4rts gedrehtes Tr\u00e4nenp\u00fcnktchen) - HNO","isPartOf":{"@id":"https:\/\/medizentrum-eckert.de\/hno\/#website"},"datePublished":"2017-02-24T10:08:17+00:00","dateModified":"2017-02-24T10:08:17+00:00","breadcrumb":{"@id":"https:\/\/medizentrum-eckert.de\/hno\/info\/lexikon-kieferorthopaedie-eckert__trashed\/eversio-puncti-lacrimalis-auswaerts-gedrehtes-traenenpuenktchen\/#breadcrumb"},"inLanguage":"de","potentialAction":[{"@type":"ReadAction","target":["https:\/\/medizentrum-eckert.de\/hno\/info\/lexikon-kieferorthopaedie-eckert__trashed\/eversio-puncti-lacrimalis-auswaerts-gedrehtes-traenenpuenktchen\/"]}]},{"@type":"BreadcrumbList","@id":"https:\/\/medizentrum-eckert.de\/hno\/info\/lexikon-kieferorthopaedie-eckert__trashed\/eversio-puncti-lacrimalis-auswaerts-gedrehtes-traenenpuenktchen\/#breadcrumb","itemListElement":[{"@type":"ListItem","position":1,"name":"Startseite","item":"https:\/\/medizentrum-eckert.de\/hno\/"},{"@type":"ListItem","position":2,"name":"Info","item":"https:\/\/medizentrum-eckert.de\/hno\/info\/"},{"@type":"ListItem","position":3,"name":"Eversio puncti lacrimalis (ausw\u00e4rts gedrehtes Tr\u00e4nenp\u00fcnktchen)"}]},{"@type":"WebSite","@id":"https:\/\/medizentrum-eckert.de\/hno\/#website","url":"https:\/\/medizentrum-eckert.de\/hno\/","name":"HNO","description":"","potentialAction":[{"@type":"SearchAction","target":{"@type":"EntryPoint","urlTemplate":"https:\/\/medizentrum-eckert.de\/hno\/?s={search_term_string}"},"query-input":"required name=search_term_string"}],"inLanguage":"de"}]}},"_links":{"self":[{"href":"https:\/\/medizentrum-eckert.de\/hno\/wp-json\/wp\/v2\/pages\/3285"}],"collection":[{"href":"https:\/\/medizentrum-eckert.de\/hno\/wp-json\/wp\/v2\/pages"}],"about":[{"href":"https:\/\/medizentrum-eckert.de\/hno\/wp-json\/wp\/v2\/types\/page"}],"author":[{"embeddable":true,"href":"https:\/\/medizentrum-eckert.de\/hno\/wp-json\/wp\/v2\/users\/1"}],"replies":[{"embeddable":true,"href":"https:\/\/medizentrum-eckert.de\/hno\/wp-json\/wp\/v2\/comments?post=3285"}],"version-history":[{"count":0,"href":"https:\/\/medizentrum-eckert.de\/hno\/wp-json\/wp\/v2\/pages\/3285\/revisions"}],"up":[{"embeddable":true,"href":"https:\/\/medizentrum-eckert.de\/hno\/wp-json\/wp\/v2\/pages\/16"}],"wp:attachment":[{"href":"https:\/\/medizentrum-eckert.de\/hno\/wp-json\/wp\/v2\/media?parent=3285"}],"curies":[{"name":"wp","href":"https:\/\/api.w.org\/{rel}","templated":true}]}}