{"id":1954,"date":"2016-10-07T12:02:46","date_gmt":"2016-10-07T10:02:46","guid":{"rendered":"http:\/\/wordpress.augenzentrum-eckert.de\/?page_id=1954"},"modified":"2016-10-07T12:02:46","modified_gmt":"2016-10-07T10:02:46","slug":"nahrungsergaenzungsmittel-fuer-die-augen","status":"publish","type":"page","link":"https:\/\/medizentrum-eckert.de\/hno\/info\/nahrungsergaenzungsmittel-fuer-die-augen\/","title":{"rendered":"Nahrungserg\u00e4nzungsmittel f\u00fcr die Augen"},"content":{"rendered":"<p><strong>Hilft das was, oder ist das Scharlatanerei?<\/strong><\/p>\n<p>Ern\u00e4hrung hat einen riesigen Einfluss auf unseren K\u00f6rper, speziell die Augen sind extrem empfindlich und empf\u00e4nglich f\u00fcr spezielle Nahrungsmittel. Das Problem f\u00fcr die Wissenschaft besteht darin, dass Nahrung lange braucht, bis sie messbare Ver\u00e4nderungen am K\u00f6rper macht.<\/p>\n<p>Inzwischen kann man zum Gl\u00fcck auf eindeutig wissenschaftlich belegte Fakten zur\u00fcckgreifen:<\/p>\n<p>Viele chronische Krankheiten beruhen auf einer Entz\u00fcndungsreaktion des K\u00f6rpers. Entz\u00fcndungsreaktionen k\u00f6nnen durch verschiedene Ursachen ausgel\u00f6st werden (z.B. chronischer Stress, UV Strahlung, Zuckerkrankheit, Bluthochdruck, etc.). Spezielle Nahrungserg\u00e4nzungsmittel in spezieller Dosierung und Kombination wirken entz\u00fcndungshemmend und\/oder fungieren als Radikalf\u00e4nger.<\/p>\n<p>Inzwischen werden Nahrungserg\u00e4nzungsmittel nicht nur bei Krebstherapien angewendet, sondern auch bei vielen Augenkrankheiten wie z.B. gr\u00fcner Star, Ver\u00e4tzungen oder der altersbedingten Makuladegeneration\u00e0 lesen Sie dazu den Link zur AREDs Studie:\u00a0<a title=\"Nahrungserg\u00e4nzungsmittel- Wirkung eindeutig\" href=\"http:\/\/de.wikipedia.org\/wiki\/AREDS\" target=\"_blank\" rel=\"noopener noreferrer\">http:\/\/de.wikipedia.org\/wiki\/AREDS<\/a>\u00a0und die Stellungnahme von Frau Prof. Lang aus Ulm und der DOG (=deutsche ophthalmologische Gesellschaft):\u00a0<a title=\"Nahrungserg\u00e4nzungsmittel- Wirkung eindeutig belegt\" href=\"http:\/\/www.dog.org\/wp-content\/uploads\/2010\/01\/Home-DOG-Mikron%C3%A4hrstoffe-F.pdf\" target=\"_blank\" rel=\"noopener noreferrer\">http:\/\/www.dog.org\/wp-content\/uploads\/2010\/01\/Home-DOG-Mikron\u00e4hrstoffe-F.pdf<\/a><\/p>\n<p>Viele weitere Nahrungserg\u00e4nzungsmittel haben essentielle Bedeutung f\u00fcr die Augen. Dabei spielt die Dosierung die entscheidende Rolle. Zu wenig ist nichts, zu viel ist aber auch nichts!<\/p>\n<p>Sie erfahren in unserer Praxis, ob \u00fcberhaupt und wie spezielle Nahrungserg\u00e4nzungsmittel etwas zu Ihrer pers\u00f6nlichen Gesundheit beitragen k\u00f6nnen und wie die f\u00fcr Sie optimale Dosierung aussieht.<\/p>\n<p>&nbsp;<\/p>\n<p>Tun Sie Ihren Augen etwas Gutes und fragen Sie nach!<\/p>\n<p>Ihr \u00c4rzte-Team<\/p>\n","protected":false},"excerpt":{"rendered":"<p>Hilft das was, oder ist das Scharlatanerei? Ern\u00e4hrung hat einen riesigen Einfluss auf unseren K\u00f6rper, speziell die Augen sind extrem empfindlich und empf\u00e4nglich f\u00fcr spezielle Nahrungsmittel. Das Problem f\u00fcr die Wissenschaft besteht darin, dass Nahrung lange braucht, bis sie messbare Ver\u00e4nderungen am K\u00f6rper macht. Inzwischen kann man zum Gl\u00fcck auf eindeutig wissenschaftlich belegte Fakten zur\u00fcckgreifen:&hellip;<\/p>\n","protected":false},"author":1,"featured_media":0,"parent":16,"menu_order":0,"comment_status":"closed","ping_status":"closed","template":"","meta":[],"yoast_head":"<!-- This site is optimized with the Yoast SEO plugin v20.2.1 - https:\/\/yoast.com\/wordpress\/plugins\/seo\/ -->\n<title>Nahrungserg\u00e4nzungsmittel f\u00fcr die Augen - HNO<\/title>\n<meta name=\"robots\" content=\"index, follow, max-snippet:-1, max-image-preview:large, max-video-preview:-1\" \/>\n<link rel=\"canonical\" href=\"https:\/\/medizentrum-eckert.de\/hno\/info\/lexikon-kieferorthopaedie-eckert__trashed\/nahrungsergaenzungsmittel-fuer-die-augen\/\" \/>\n<meta property=\"og:locale\" content=\"de_DE\" \/>\n<meta property=\"og:type\" content=\"article\" \/>\n<meta property=\"og:title\" content=\"Nahrungserg\u00e4nzungsmittel f\u00fcr die Augen - HNO\" \/>\n<meta property=\"og:description\" content=\"Hilft das was, oder ist das Scharlatanerei? Ern\u00e4hrung hat einen riesigen Einfluss auf unseren K\u00f6rper, speziell die Augen sind extrem empfindlich und empf\u00e4nglich f\u00fcr spezielle Nahrungsmittel. Das Problem f\u00fcr die Wissenschaft besteht darin, dass Nahrung lange braucht, bis sie messbare Ver\u00e4nderungen am K\u00f6rper macht. Inzwischen kann man zum Gl\u00fcck auf eindeutig wissenschaftlich belegte Fakten zur\u00fcckgreifen:&hellip;\" \/>\n<meta property=\"og:url\" content=\"https:\/\/medizentrum-eckert.de\/hno\/info\/lexikon-kieferorthopaedie-eckert__trashed\/nahrungsergaenzungsmittel-fuer-die-augen\/\" \/>\n<meta property=\"og:site_name\" content=\"HNO\" \/>\n<meta name=\"twitter:card\" content=\"summary_large_image\" \/>\n<meta name=\"twitter:label1\" content=\"Gesch\u00e4tzte Lesezeit\" \/>\n\t<meta name=\"twitter:data1\" content=\"1\u00a0Minute\" \/>\n<script type=\"application\/ld+json\" class=\"yoast-schema-graph\">{\"@context\":\"https:\/\/schema.org\",\"@graph\":[{\"@type\":\"WebPage\",\"@id\":\"https:\/\/medizentrum-eckert.de\/hno\/info\/lexikon-kieferorthopaedie-eckert__trashed\/nahrungsergaenzungsmittel-fuer-die-augen\/\",\"url\":\"https:\/\/medizentrum-eckert.de\/hno\/info\/lexikon-kieferorthopaedie-eckert__trashed\/nahrungsergaenzungsmittel-fuer-die-augen\/\",\"name\":\"Nahrungserg\u00e4nzungsmittel f\u00fcr die Augen - HNO\",\"isPartOf\":{\"@id\":\"https:\/\/medizentrum-eckert.de\/hno\/#website\"},\"datePublished\":\"2016-10-07T10:02:46+00:00\",\"dateModified\":\"2016-10-07T10:02:46+00:00\",\"breadcrumb\":{\"@id\":\"https:\/\/medizentrum-eckert.de\/hno\/info\/lexikon-kieferorthopaedie-eckert__trashed\/nahrungsergaenzungsmittel-fuer-die-augen\/#breadcrumb\"},\"inLanguage\":\"de\",\"potentialAction\":[{\"@type\":\"ReadAction\",\"target\":[\"https:\/\/medizentrum-eckert.de\/hno\/info\/lexikon-kieferorthopaedie-eckert__trashed\/nahrungsergaenzungsmittel-fuer-die-augen\/\"]}]},{\"@type\":\"BreadcrumbList\",\"@id\":\"https:\/\/medizentrum-eckert.de\/hno\/info\/lexikon-kieferorthopaedie-eckert__trashed\/nahrungsergaenzungsmittel-fuer-die-augen\/#breadcrumb\",\"itemListElement\":[{\"@type\":\"ListItem\",\"position\":1,\"name\":\"Startseite\",\"item\":\"https:\/\/medizentrum-eckert.de\/hno\/\"},{\"@type\":\"ListItem\",\"position\":2,\"name\":\"Info\",\"item\":\"https:\/\/medizentrum-eckert.de\/hno\/info\/\"},{\"@type\":\"ListItem\",\"position\":3,\"name\":\"Nahrungserg\u00e4nzungsmittel f\u00fcr die Augen\"}]},{\"@type\":\"WebSite\",\"@id\":\"https:\/\/medizentrum-eckert.de\/hno\/#website\",\"url\":\"https:\/\/medizentrum-eckert.de\/hno\/\",\"name\":\"HNO\",\"description\":\"\",\"potentialAction\":[{\"@type\":\"SearchAction\",\"target\":{\"@type\":\"EntryPoint\",\"urlTemplate\":\"https:\/\/medizentrum-eckert.de\/hno\/?s={search_term_string}\"},\"query-input\":\"required name=search_term_string\"}],\"inLanguage\":\"de\"}]}<\/script>\n<!-- \/ Yoast SEO plugin. -->","yoast_head_json":{"title":"Nahrungserg\u00e4nzungsmittel f\u00fcr die Augen - HNO","robots":{"index":"index","follow":"follow","max-snippet":"max-snippet:-1","max-image-preview":"max-image-preview:large","max-video-preview":"max-video-preview:-1"},"canonical":"https:\/\/medizentrum-eckert.de\/hno\/info\/lexikon-kieferorthopaedie-eckert__trashed\/nahrungsergaenzungsmittel-fuer-die-augen\/","og_locale":"de_DE","og_type":"article","og_title":"Nahrungserg\u00e4nzungsmittel f\u00fcr die Augen - HNO","og_description":"Hilft das was, oder ist das Scharlatanerei? Ern\u00e4hrung hat einen riesigen Einfluss auf unseren K\u00f6rper, speziell die Augen sind extrem empfindlich und empf\u00e4nglich f\u00fcr spezielle Nahrungsmittel. Das Problem f\u00fcr die Wissenschaft besteht darin, dass Nahrung lange braucht, bis sie messbare Ver\u00e4nderungen am K\u00f6rper macht. Inzwischen kann man zum Gl\u00fcck auf eindeutig wissenschaftlich belegte Fakten zur\u00fcckgreifen:&hellip;","og_url":"https:\/\/medizentrum-eckert.de\/hno\/info\/lexikon-kieferorthopaedie-eckert__trashed\/nahrungsergaenzungsmittel-fuer-die-augen\/","og_site_name":"HNO","twitter_card":"summary_large_image","twitter_misc":{"Gesch\u00e4tzte Lesezeit":"1\u00a0Minute"},"schema":{"@context":"https:\/\/schema.org","@graph":[{"@type":"WebPage","@id":"https:\/\/medizentrum-eckert.de\/hno\/info\/lexikon-kieferorthopaedie-eckert__trashed\/nahrungsergaenzungsmittel-fuer-die-augen\/","url":"https:\/\/medizentrum-eckert.de\/hno\/info\/lexikon-kieferorthopaedie-eckert__trashed\/nahrungsergaenzungsmittel-fuer-die-augen\/","name":"Nahrungserg\u00e4nzungsmittel f\u00fcr die Augen - HNO","isPartOf":{"@id":"https:\/\/medizentrum-eckert.de\/hno\/#website"},"datePublished":"2016-10-07T10:02:46+00:00","dateModified":"2016-10-07T10:02:46+00:00","breadcrumb":{"@id":"https:\/\/medizentrum-eckert.de\/hno\/info\/lexikon-kieferorthopaedie-eckert__trashed\/nahrungsergaenzungsmittel-fuer-die-augen\/#breadcrumb"},"inLanguage":"de","potentialAction":[{"@type":"ReadAction","target":["https:\/\/medizentrum-eckert.de\/hno\/info\/lexikon-kieferorthopaedie-eckert__trashed\/nahrungsergaenzungsmittel-fuer-die-augen\/"]}]},{"@type":"BreadcrumbList","@id":"https:\/\/medizentrum-eckert.de\/hno\/info\/lexikon-kieferorthopaedie-eckert__trashed\/nahrungsergaenzungsmittel-fuer-die-augen\/#breadcrumb","itemListElement":[{"@type":"ListItem","position":1,"name":"Startseite","item":"https:\/\/medizentrum-eckert.de\/hno\/"},{"@type":"ListItem","position":2,"name":"Info","item":"https:\/\/medizentrum-eckert.de\/hno\/info\/"},{"@type":"ListItem","position":3,"name":"Nahrungserg\u00e4nzungsmittel f\u00fcr die Augen"}]},{"@type":"WebSite","@id":"https:\/\/medizentrum-eckert.de\/hno\/#website","url":"https:\/\/medizentrum-eckert.de\/hno\/","name":"HNO","description":"","potentialAction":[{"@type":"SearchAction","target":{"@type":"EntryPoint","urlTemplate":"https:\/\/medizentrum-eckert.de\/hno\/?s={search_term_string}"},"query-input":"required name=search_term_string"}],"inLanguage":"de"}]}},"_links":{"self":[{"href":"https:\/\/medizentrum-eckert.de\/hno\/wp-json\/wp\/v2\/pages\/1954"}],"collection":[{"href":"https:\/\/medizentrum-eckert.de\/hno\/wp-json\/wp\/v2\/pages"}],"about":[{"href":"https:\/\/medizentrum-eckert.de\/hno\/wp-json\/wp\/v2\/types\/page"}],"author":[{"embeddable":true,"href":"https:\/\/medizentrum-eckert.de\/hno\/wp-json\/wp\/v2\/users\/1"}],"replies":[{"embeddable":true,"href":"https:\/\/medizentrum-eckert.de\/hno\/wp-json\/wp\/v2\/comments?post=1954"}],"version-history":[{"count":0,"href":"https:\/\/medizentrum-eckert.de\/hno\/wp-json\/wp\/v2\/pages\/1954\/revisions"}],"up":[{"embeddable":true,"href":"https:\/\/medizentrum-eckert.de\/hno\/wp-json\/wp\/v2\/pages\/16"}],"wp:attachment":[{"href":"https:\/\/medizentrum-eckert.de\/hno\/wp-json\/wp\/v2\/media?parent=1954"}],"curies":[{"name":"wp","href":"https:\/\/api.w.org\/{rel}","templated":true}]}}