{"id":1920,"date":"2016-10-07T11:47:12","date_gmt":"2016-10-07T09:47:12","guid":{"rendered":"http:\/\/wordpress.augenzentrum-eckert.de\/?page_id=1920"},"modified":"2016-10-07T11:47:12","modified_gmt":"2016-10-07T09:47:12","slug":"blitze-im-auge","status":"publish","type":"page","link":"https:\/\/medizentrum-eckert.de\/hno\/info\/blitze-im-auge\/","title":{"rendered":"Blitze im Auge"},"content":{"rendered":"<p><strong>Ich sehe vor allem im Dunkeln immer wieder Blitze im Auge, ist das schlimm?<\/strong><\/p>\n<p>Der Glask\u00f6rper ist eine F\u00fcllsubstanz im Auge, die das Innere des Auges ausf\u00fcllt. Mit der Zeit bildet der Glask\u00f6rper verschiedene Komponenten: Eine Fl\u00fcssige und eine Feste. Die feste Komponente (=kondensierter Glask\u00f6rper) hat die Eigenschaft, sich wie ein Kaugummi an die Netzhaut heften zu k\u00f6nnen und daran zu ziehen. Dadurch werden Nervenfasern der Netzhaut erregt. Dies wird dann f\u00fcr den Patienten als sog. Blitze sichtbar. Dieser Zug des Glask\u00f6rpers an der Netzhaut hat den gro\u00dfen Nachteil, dass durch den Zug ein Netzhautloch und dann sogar eine Netzhautabl\u00f6sung entstehen kann.<\/p>\n<p>Wichtig: Falls Sie Blitze sehen, gehen Sie zum Augenarzt. Dort wird der Augenhintergrund auf Netzhautl\u00f6cher oder Netzhautabl\u00f6sungen untersucht. Dabei wird die Pupille erweitert und Sie d\u00fcrfen f\u00fcr einige Zeit nicht am Stra\u00dfenverkehr teilnehmen. Zu dieser Untersuchung bitte OHNE AUTO kommen!<br \/>\nDerzeit wird auch geraten, eine spezielle Netzhautaufnahme machen zu lassen, um diesen Zug des Glask\u00f6rpers zu dokumentieren.<\/p>\n","protected":false},"excerpt":{"rendered":"<p>Ich sehe vor allem im Dunkeln immer wieder Blitze im Auge, ist das schlimm? Der Glask\u00f6rper ist eine F\u00fcllsubstanz im Auge, die das Innere des Auges ausf\u00fcllt. Mit der Zeit bildet der Glask\u00f6rper verschiedene Komponenten: Eine Fl\u00fcssige und eine Feste. Die feste Komponente (=kondensierter Glask\u00f6rper) hat die Eigenschaft, sich wie ein Kaugummi an die Netzhaut&hellip;<\/p>\n","protected":false},"author":1,"featured_media":0,"parent":16,"menu_order":0,"comment_status":"closed","ping_status":"closed","template":"","meta":[],"yoast_head":"<!-- This site is optimized with the Yoast SEO plugin v20.2.1 - https:\/\/yoast.com\/wordpress\/plugins\/seo\/ -->\n<title>Blitze im Auge - HNO<\/title>\n<meta name=\"robots\" content=\"index, follow, max-snippet:-1, max-image-preview:large, max-video-preview:-1\" \/>\n<link rel=\"canonical\" href=\"https:\/\/medizentrum-eckert.de\/hno\/info\/lexikon-kieferorthopaedie-eckert__trashed\/blitze-im-auge\/\" \/>\n<meta property=\"og:locale\" content=\"de_DE\" \/>\n<meta property=\"og:type\" content=\"article\" \/>\n<meta property=\"og:title\" content=\"Blitze im Auge - HNO\" \/>\n<meta property=\"og:description\" content=\"Ich sehe vor allem im Dunkeln immer wieder Blitze im Auge, ist das schlimm? Der Glask\u00f6rper ist eine F\u00fcllsubstanz im Auge, die das Innere des Auges ausf\u00fcllt. Mit der Zeit bildet der Glask\u00f6rper verschiedene Komponenten: Eine Fl\u00fcssige und eine Feste. Die feste Komponente (=kondensierter Glask\u00f6rper) hat die Eigenschaft, sich wie ein Kaugummi an die Netzhaut&hellip;\" \/>\n<meta property=\"og:url\" content=\"https:\/\/medizentrum-eckert.de\/hno\/info\/lexikon-kieferorthopaedie-eckert__trashed\/blitze-im-auge\/\" \/>\n<meta property=\"og:site_name\" content=\"HNO\" \/>\n<meta name=\"twitter:card\" content=\"summary_large_image\" \/>\n<meta name=\"twitter:label1\" content=\"Gesch\u00e4tzte Lesezeit\" \/>\n\t<meta name=\"twitter:data1\" content=\"1\u00a0Minute\" \/>\n<script type=\"application\/ld+json\" class=\"yoast-schema-graph\">{\"@context\":\"https:\/\/schema.org\",\"@graph\":[{\"@type\":\"WebPage\",\"@id\":\"https:\/\/medizentrum-eckert.de\/hno\/info\/lexikon-kieferorthopaedie-eckert__trashed\/blitze-im-auge\/\",\"url\":\"https:\/\/medizentrum-eckert.de\/hno\/info\/lexikon-kieferorthopaedie-eckert__trashed\/blitze-im-auge\/\",\"name\":\"Blitze im Auge - HNO\",\"isPartOf\":{\"@id\":\"https:\/\/medizentrum-eckert.de\/hno\/#website\"},\"datePublished\":\"2016-10-07T09:47:12+00:00\",\"dateModified\":\"2016-10-07T09:47:12+00:00\",\"breadcrumb\":{\"@id\":\"https:\/\/medizentrum-eckert.de\/hno\/info\/lexikon-kieferorthopaedie-eckert__trashed\/blitze-im-auge\/#breadcrumb\"},\"inLanguage\":\"de\",\"potentialAction\":[{\"@type\":\"ReadAction\",\"target\":[\"https:\/\/medizentrum-eckert.de\/hno\/info\/lexikon-kieferorthopaedie-eckert__trashed\/blitze-im-auge\/\"]}]},{\"@type\":\"BreadcrumbList\",\"@id\":\"https:\/\/medizentrum-eckert.de\/hno\/info\/lexikon-kieferorthopaedie-eckert__trashed\/blitze-im-auge\/#breadcrumb\",\"itemListElement\":[{\"@type\":\"ListItem\",\"position\":1,\"name\":\"Startseite\",\"item\":\"https:\/\/medizentrum-eckert.de\/hno\/\"},{\"@type\":\"ListItem\",\"position\":2,\"name\":\"Info\",\"item\":\"https:\/\/medizentrum-eckert.de\/hno\/info\/\"},{\"@type\":\"ListItem\",\"position\":3,\"name\":\"Blitze im Auge\"}]},{\"@type\":\"WebSite\",\"@id\":\"https:\/\/medizentrum-eckert.de\/hno\/#website\",\"url\":\"https:\/\/medizentrum-eckert.de\/hno\/\",\"name\":\"HNO\",\"description\":\"\",\"potentialAction\":[{\"@type\":\"SearchAction\",\"target\":{\"@type\":\"EntryPoint\",\"urlTemplate\":\"https:\/\/medizentrum-eckert.de\/hno\/?s={search_term_string}\"},\"query-input\":\"required name=search_term_string\"}],\"inLanguage\":\"de\"}]}<\/script>\n<!-- \/ Yoast SEO plugin. -->","yoast_head_json":{"title":"Blitze im Auge - HNO","robots":{"index":"index","follow":"follow","max-snippet":"max-snippet:-1","max-image-preview":"max-image-preview:large","max-video-preview":"max-video-preview:-1"},"canonical":"https:\/\/medizentrum-eckert.de\/hno\/info\/lexikon-kieferorthopaedie-eckert__trashed\/blitze-im-auge\/","og_locale":"de_DE","og_type":"article","og_title":"Blitze im Auge - HNO","og_description":"Ich sehe vor allem im Dunkeln immer wieder Blitze im Auge, ist das schlimm? Der Glask\u00f6rper ist eine F\u00fcllsubstanz im Auge, die das Innere des Auges ausf\u00fcllt. Mit der Zeit bildet der Glask\u00f6rper verschiedene Komponenten: Eine Fl\u00fcssige und eine Feste. Die feste Komponente (=kondensierter Glask\u00f6rper) hat die Eigenschaft, sich wie ein Kaugummi an die Netzhaut&hellip;","og_url":"https:\/\/medizentrum-eckert.de\/hno\/info\/lexikon-kieferorthopaedie-eckert__trashed\/blitze-im-auge\/","og_site_name":"HNO","twitter_card":"summary_large_image","twitter_misc":{"Gesch\u00e4tzte Lesezeit":"1\u00a0Minute"},"schema":{"@context":"https:\/\/schema.org","@graph":[{"@type":"WebPage","@id":"https:\/\/medizentrum-eckert.de\/hno\/info\/lexikon-kieferorthopaedie-eckert__trashed\/blitze-im-auge\/","url":"https:\/\/medizentrum-eckert.de\/hno\/info\/lexikon-kieferorthopaedie-eckert__trashed\/blitze-im-auge\/","name":"Blitze im Auge - HNO","isPartOf":{"@id":"https:\/\/medizentrum-eckert.de\/hno\/#website"},"datePublished":"2016-10-07T09:47:12+00:00","dateModified":"2016-10-07T09:47:12+00:00","breadcrumb":{"@id":"https:\/\/medizentrum-eckert.de\/hno\/info\/lexikon-kieferorthopaedie-eckert__trashed\/blitze-im-auge\/#breadcrumb"},"inLanguage":"de","potentialAction":[{"@type":"ReadAction","target":["https:\/\/medizentrum-eckert.de\/hno\/info\/lexikon-kieferorthopaedie-eckert__trashed\/blitze-im-auge\/"]}]},{"@type":"BreadcrumbList","@id":"https:\/\/medizentrum-eckert.de\/hno\/info\/lexikon-kieferorthopaedie-eckert__trashed\/blitze-im-auge\/#breadcrumb","itemListElement":[{"@type":"ListItem","position":1,"name":"Startseite","item":"https:\/\/medizentrum-eckert.de\/hno\/"},{"@type":"ListItem","position":2,"name":"Info","item":"https:\/\/medizentrum-eckert.de\/hno\/info\/"},{"@type":"ListItem","position":3,"name":"Blitze im Auge"}]},{"@type":"WebSite","@id":"https:\/\/medizentrum-eckert.de\/hno\/#website","url":"https:\/\/medizentrum-eckert.de\/hno\/","name":"HNO","description":"","potentialAction":[{"@type":"SearchAction","target":{"@type":"EntryPoint","urlTemplate":"https:\/\/medizentrum-eckert.de\/hno\/?s={search_term_string}"},"query-input":"required name=search_term_string"}],"inLanguage":"de"}]}},"_links":{"self":[{"href":"https:\/\/medizentrum-eckert.de\/hno\/wp-json\/wp\/v2\/pages\/1920"}],"collection":[{"href":"https:\/\/medizentrum-eckert.de\/hno\/wp-json\/wp\/v2\/pages"}],"about":[{"href":"https:\/\/medizentrum-eckert.de\/hno\/wp-json\/wp\/v2\/types\/page"}],"author":[{"embeddable":true,"href":"https:\/\/medizentrum-eckert.de\/hno\/wp-json\/wp\/v2\/users\/1"}],"replies":[{"embeddable":true,"href":"https:\/\/medizentrum-eckert.de\/hno\/wp-json\/wp\/v2\/comments?post=1920"}],"version-history":[{"count":0,"href":"https:\/\/medizentrum-eckert.de\/hno\/wp-json\/wp\/v2\/pages\/1920\/revisions"}],"up":[{"embeddable":true,"href":"https:\/\/medizentrum-eckert.de\/hno\/wp-json\/wp\/v2\/pages\/16"}],"wp:attachment":[{"href":"https:\/\/medizentrum-eckert.de\/hno\/wp-json\/wp\/v2\/media?parent=1920"}],"curies":[{"name":"wp","href":"https:\/\/api.w.org\/{rel}","templated":true}]}}