{"id":111,"date":"2016-09-14T15:42:56","date_gmt":"2016-09-14T13:42:56","guid":{"rendered":"http:\/\/wordpress.augenzentrum-eckert.de\/?page_id=111"},"modified":"2016-09-14T15:42:56","modified_gmt":"2016-09-14T13:42:56","slug":"partner-mitgliedschaften","status":"publish","type":"page","link":"https:\/\/medizentrum-eckert.de\/hno\/ueber-uns\/partner-mitgliedschaften\/","title":{"rendered":"Partner &amp; Mitgliedschaften"},"content":{"rendered":"<p>[vc_row][vc_column][vc_column_text]<\/p>\n<h2>Partner<\/h2>\n<ul>\n<li>An\u00e4sthesienetz Schwaben: <a title=\"An\u00e4sthesienetz Schwaben\" href=\"http:\/\/www.anaesthesienetz-schwaben.de\" target=\"_blank\" rel=\"nofollow noopener noreferrer\">www.anaesthesienetz-schwaben.de<\/a><\/li>\n<li>Dr. Wolfgang Banzhaf: <a title=\"Dr. Wolfgang Banzhaf\" href=\"http:\/\/www.banzhaf-tuebingen.de\" target=\"_blank\" rel=\"nofollow noopener noreferrer\">www.banzhaf-tuebingen.de<\/a><\/li>\n<li>Augenklinik T\u00fcbingen: <a title=\"Augenklinik T\u00fcbingen\" href=\"http:\/\/www.uak.medizin.uni-tuebingen.de\" target=\"_blank\" rel=\"noopener noreferrer\">www.uak.medizin.uni-tuebingen.de<\/a><\/li>\n<li>Katharinenhospital Stuttgart: <a title=\"Katharinenhospital Stuttgart\" href=\"http:\/\/www.klinikum-stuttgart.de\/kliniken-institute-zentren\/augenklinik\/startseite\/\" target=\"_blank\" rel=\"noopener noreferrer\">www.klinikum-stuttgart.de<\/a><\/li>\n<\/ul>\n<p>[\/vc_column_text][vc_separator align=&#8220;align_left&#8220;][\/vc_column][\/vc_row][vc_row][vc_column][vc_column_text]<\/p>\n<h3>Mitgliedschaften<\/h3>\n<ul>\n<li>Landes\u00e4rztekammer Baden-W\u00fcrttemberg: <a title=\"Landes\u00e4rztekammer Baden-W\u00fcrttemberg\" href=\"http:\/\/www.aerztekammer-bw.de\" target=\"_blank\" rel=\"nofollow noopener noreferrer\">www.aerztekammer-bw.de<\/a><\/li>\n<li>Kassen\u00e4rztliche Vereinigung Baden-W\u00fcrttembergs: <a title=\"Kassen\u00e4rztliche Vereinigung Baden-W\u00fcrttembergs\" href=\"http:\/\/www.kvbawue.de\" target=\"_blank\" rel=\"nofollow noopener noreferrer\">www.kvbawue.de<\/a><\/li>\n<li>B\u00fcndnis junger \u00c4rzte: <a title=\"B\u00fcndnis junger \u00c4rzte\" href=\"http:\/\/jungeaerzte.wordpress.com\" target=\"_blank\" rel=\"nofollow noopener noreferrer\">http:\/\/jungeaerzte.wordpress.com<\/a><\/li>\n<\/ul>\n<p>[\/vc_column_text][vc_separator align=&#8220;align_left&#8220;][\/vc_column][\/vc_row][vc_row][vc_column][vc_column_text]<\/p>\n<h3>Arzteverb\u00e4nde<\/h3>\n<ul>\n<li>Berufsverband der Augen\u00e4rzte: <a title=\"Berufsverband der Augen\u00e4rzte\" href=\"http:\/\/augeninfo.de\" target=\"_blank\" rel=\"nofollow noopener noreferrer\">augeninfo.de<\/a><\/li>\n<li>Berufsverband der deutschen Ophthalmochirurgen: <a title=\"Berufsverband der deutschen Ophthalmochirurgen\" href=\"http:\/\/www.bdoc.info\" target=\"_blank\" rel=\"nofollow noopener noreferrer\">www.bdoc.info<\/a><\/li>\n<li>Deutsche Ophthalmologische Gesellschaft: <a title=\"Deutsche Ophthalmologische Gesellschaft\" href=\"http:\/\/www.dog.org\" target=\"_blank\" rel=\"nofollow noopener noreferrer\">www.dog.org<\/a><\/li>\n<\/ul>\n<p>[\/vc_column_text][vc_separator align=&#8220;align_left&#8220;][\/vc_column][\/vc_row][vc_row][vc_column][vc_column_text]<\/p>\n<h3>Links<\/h3>\n<ul>\n<li>Berufsverband der Augen\u00e4rzte: <a title=\"Berufsverband der Augen\u00e4rzte\" href=\"http:\/\/www.augeninfo.de\" target=\"_blank\" rel=\"nofollow noopener noreferrer\">www.augeninfo.de<\/a><\/li>\n<li>Informationsmaterial rund ums Auge: <a title=\"Informationsmaterial rund ums Auge\" href=\"http:\/\/www.augen.de\" target=\"_blank\" rel=\"nofollow noopener noreferrer\">www.augen.de<\/a><\/li>\n<li>European Societey of Cataract and Refractive Surgeons: <a title=\"European Societey of Cataract and Refractive Surgeons\" href=\"http:\/\/escrs.org\" target=\"_blank\" rel=\"nofollow noopener noreferrer\">www.escrs.org<\/a><\/li>\n<li>Fr\u00fcherkennung diabetischer Augenkrankheiten: <a title=\"Fr\u00fcherkennung diabetischer Augenkrankheiten\" href=\"http:\/\/www.die-ifda.de\" target=\"_blank\" rel=\"nofollow noopener noreferrer\">www.die-ifda.de<\/a><\/li>\n<li>Glaukomfr\u00fcherkennung: <a title=\"Glaukomfr\u00fcherkennung\" href=\"http:\/\/www.glaukom.de\" target=\"_blank\" rel=\"nofollow noopener noreferrer\">www.glaukom.de<\/a><\/li>\n<li>Kieferorthop\u00e4de Dr. Tobias Eckert: <a title=\"Kieferorthop\u00e4de Dr. Tobias Eckert\" href=\"http:\/\/www.kfo-eckert.de\" target=\"_blank\" rel=\"nofollow noopener noreferrer\">www.kfo-eckert.de<\/a><\/li>\n<li>Ophthalmologische Nachrichten: <a title=\"Ophthalmologische Nachrichten\" href=\"http:\/\/www.ool.de\" target=\"_blank\" rel=\"nofollow noopener noreferrer\">www.ool.de<\/a><\/li>\n<li>Retinologische Gesellschaft: <a title=\"Retinologische Gesellschaft\" href=\"http:\/\/www.retinologie.org\" target=\"_blank\" rel=\"nofollow noopener noreferrer\">www.retinologie.org<\/a><\/li>\n<li>Selbsthilfegruppe von Menschen mit Netzhauterkrankungen: <a title=\"Selbsthilfegruppe von Menschen mit Netzhauterkrankungen\" href=\"http:\/\/www.pro-retina.de\" target=\"_blank\" rel=\"nofollow noopener noreferrer\">www.pro-retina.de<\/a><\/li>\n<li>Vision 2020: <a title=\"http:\/\/vision2020deutschland.de\/seiten\/presse.php\" href=\"http:\/\/vision2020deutschland.de\/seiten\/presse.php\" target=\"_blank\" rel=\"nofollow noopener noreferrer\">http:\/\/vision2020deutschland.de\/seiten\/presse.php<\/a><\/li>\n<li>Woche des Sehens: <a title=\"http:\/\/www.woche-des-sehens.de\" href=\"http:\/\/www.woche-des-sehens.de\" target=\"_blank\" rel=\"nofollow noopener noreferrer\">http:\/\/www.woche-des-sehens.de<\/a><\/li>\n<\/ul>\n<p>[\/vc_column_text][\/vc_column][\/vc_row]<\/p>\n","protected":false},"excerpt":{"rendered":"<p>[vc_row][vc_column][vc_column_text] Partner An\u00e4sthesienetz Schwaben: www.anaesthesienetz-schwaben.de Dr. Wolfgang Banzhaf: www.banzhaf-tuebingen.de Augenklinik T\u00fcbingen: www.uak.medizin.uni-tuebingen.de Katharinenhospital Stuttgart: www.klinikum-stuttgart.de [\/vc_column_text][vc_separator align=&#8220;align_left&#8220;][\/vc_column][\/vc_row][vc_row][vc_column][vc_column_text] Mitgliedschaften Landes\u00e4rztekammer Baden-W\u00fcrttemberg: www.aerztekammer-bw.de Kassen\u00e4rztliche Vereinigung Baden-W\u00fcrttembergs: www.kvbawue.de B\u00fcndnis junger \u00c4rzte: http:\/\/jungeaerzte.wordpress.com [\/vc_column_text][vc_separator align=&#8220;align_left&#8220;][\/vc_column][\/vc_row][vc_row][vc_column][vc_column_text] Arzteverb\u00e4nde Berufsverband der Augen\u00e4rzte: augeninfo.de Berufsverband der deutschen Ophthalmochirurgen: www.bdoc.info Deutsche Ophthalmologische Gesellschaft: www.dog.org [\/vc_column_text][vc_separator align=&#8220;align_left&#8220;][\/vc_column][\/vc_row][vc_row][vc_column][vc_column_text] Links Berufsverband der Augen\u00e4rzte: www.augeninfo.de Informationsmaterial rund ums&hellip;<\/p>\n","protected":false},"author":1,"featured_media":0,"parent":18,"menu_order":0,"comment_status":"closed","ping_status":"closed","template":"","meta":[],"yoast_head":"<!-- This site is optimized with the Yoast SEO plugin v20.2.1 - https:\/\/yoast.com\/wordpress\/plugins\/seo\/ -->\n<title>Partner &amp; Mitgliedschaften - HNO<\/title>\n<meta name=\"description\" content=\"Partner &amp; Mitgliedschaften der Augenzentren Eckert: Landes\u00e4rztekammer Baden-W\u00fcrttemberg, Kassen\u00e4rztliche Vereinigung Baden-W\u00fcrttembergs uvm.\" \/>\n<meta name=\"robots\" content=\"index, follow, max-snippet:-1, max-image-preview:large, max-video-preview:-1\" \/>\n<link rel=\"canonical\" href=\"https:\/\/medizentrum-eckert.de\/hno\/ueber-uns\/partner-mitgliedschaften\/\" \/>\n<meta property=\"og:locale\" content=\"de_DE\" \/>\n<meta property=\"og:type\" content=\"article\" \/>\n<meta property=\"og:title\" content=\"Partner &amp; Mitgliedschaften - HNO\" \/>\n<meta property=\"og:description\" content=\"Partner &amp; Mitgliedschaften der Augenzentren Eckert: Landes\u00e4rztekammer Baden-W\u00fcrttemberg, Kassen\u00e4rztliche Vereinigung Baden-W\u00fcrttembergs uvm.\" \/>\n<meta property=\"og:url\" content=\"https:\/\/medizentrum-eckert.de\/hno\/ueber-uns\/partner-mitgliedschaften\/\" \/>\n<meta property=\"og:site_name\" content=\"HNO\" \/>\n<meta name=\"twitter:card\" content=\"summary_large_image\" \/>\n<meta name=\"twitter:label1\" content=\"Gesch\u00e4tzte Lesezeit\" \/>\n\t<meta name=\"twitter:data1\" content=\"1\u00a0Minute\" \/>\n<script type=\"application\/ld+json\" class=\"yoast-schema-graph\">{\"@context\":\"https:\/\/schema.org\",\"@graph\":[{\"@type\":\"WebPage\",\"@id\":\"https:\/\/medizentrum-eckert.de\/hno\/ueber-uns\/partner-mitgliedschaften\/\",\"url\":\"https:\/\/medizentrum-eckert.de\/hno\/ueber-uns\/partner-mitgliedschaften\/\",\"name\":\"Partner &amp; Mitgliedschaften - HNO\",\"isPartOf\":{\"@id\":\"https:\/\/medizentrum-eckert.de\/hno\/#website\"},\"datePublished\":\"2016-09-14T13:42:56+00:00\",\"dateModified\":\"2016-09-14T13:42:56+00:00\",\"description\":\"Partner & Mitgliedschaften der Augenzentren Eckert: Landes\u00e4rztekammer Baden-W\u00fcrttemberg, Kassen\u00e4rztliche Vereinigung Baden-W\u00fcrttembergs uvm.\",\"breadcrumb\":{\"@id\":\"https:\/\/medizentrum-eckert.de\/hno\/ueber-uns\/partner-mitgliedschaften\/#breadcrumb\"},\"inLanguage\":\"de\",\"potentialAction\":[{\"@type\":\"ReadAction\",\"target\":[\"https:\/\/medizentrum-eckert.de\/hno\/ueber-uns\/partner-mitgliedschaften\/\"]}]},{\"@type\":\"BreadcrumbList\",\"@id\":\"https:\/\/medizentrum-eckert.de\/hno\/ueber-uns\/partner-mitgliedschaften\/#breadcrumb\",\"itemListElement\":[{\"@type\":\"ListItem\",\"position\":1,\"name\":\"Startseite\",\"item\":\"https:\/\/medizentrum-eckert.de\/hno\/\"},{\"@type\":\"ListItem\",\"position\":2,\"name\":\"\u00dcber uns\",\"item\":\"https:\/\/medizentrum-eckert.de\/hno\/ueber-uns\/\"},{\"@type\":\"ListItem\",\"position\":3,\"name\":\"Partner &amp; Mitgliedschaften\"}]},{\"@type\":\"WebSite\",\"@id\":\"https:\/\/medizentrum-eckert.de\/hno\/#website\",\"url\":\"https:\/\/medizentrum-eckert.de\/hno\/\",\"name\":\"HNO\",\"description\":\"\",\"potentialAction\":[{\"@type\":\"SearchAction\",\"target\":{\"@type\":\"EntryPoint\",\"urlTemplate\":\"https:\/\/medizentrum-eckert.de\/hno\/?s={search_term_string}\"},\"query-input\":\"required name=search_term_string\"}],\"inLanguage\":\"de\"}]}<\/script>\n<!-- \/ Yoast SEO plugin. -->","yoast_head_json":{"title":"Partner &amp; Mitgliedschaften - HNO","description":"Partner & Mitgliedschaften der Augenzentren Eckert: Landes\u00e4rztekammer Baden-W\u00fcrttemberg, Kassen\u00e4rztliche Vereinigung Baden-W\u00fcrttembergs uvm.","robots":{"index":"index","follow":"follow","max-snippet":"max-snippet:-1","max-image-preview":"max-image-preview:large","max-video-preview":"max-video-preview:-1"},"canonical":"https:\/\/medizentrum-eckert.de\/hno\/ueber-uns\/partner-mitgliedschaften\/","og_locale":"de_DE","og_type":"article","og_title":"Partner &amp; Mitgliedschaften - HNO","og_description":"Partner & Mitgliedschaften der Augenzentren Eckert: Landes\u00e4rztekammer Baden-W\u00fcrttemberg, Kassen\u00e4rztliche Vereinigung Baden-W\u00fcrttembergs uvm.","og_url":"https:\/\/medizentrum-eckert.de\/hno\/ueber-uns\/partner-mitgliedschaften\/","og_site_name":"HNO","twitter_card":"summary_large_image","twitter_misc":{"Gesch\u00e4tzte Lesezeit":"1\u00a0Minute"},"schema":{"@context":"https:\/\/schema.org","@graph":[{"@type":"WebPage","@id":"https:\/\/medizentrum-eckert.de\/hno\/ueber-uns\/partner-mitgliedschaften\/","url":"https:\/\/medizentrum-eckert.de\/hno\/ueber-uns\/partner-mitgliedschaften\/","name":"Partner &amp; Mitgliedschaften - HNO","isPartOf":{"@id":"https:\/\/medizentrum-eckert.de\/hno\/#website"},"datePublished":"2016-09-14T13:42:56+00:00","dateModified":"2016-09-14T13:42:56+00:00","description":"Partner & Mitgliedschaften der Augenzentren Eckert: Landes\u00e4rztekammer Baden-W\u00fcrttemberg, Kassen\u00e4rztliche Vereinigung Baden-W\u00fcrttembergs uvm.","breadcrumb":{"@id":"https:\/\/medizentrum-eckert.de\/hno\/ueber-uns\/partner-mitgliedschaften\/#breadcrumb"},"inLanguage":"de","potentialAction":[{"@type":"ReadAction","target":["https:\/\/medizentrum-eckert.de\/hno\/ueber-uns\/partner-mitgliedschaften\/"]}]},{"@type":"BreadcrumbList","@id":"https:\/\/medizentrum-eckert.de\/hno\/ueber-uns\/partner-mitgliedschaften\/#breadcrumb","itemListElement":[{"@type":"ListItem","position":1,"name":"Startseite","item":"https:\/\/medizentrum-eckert.de\/hno\/"},{"@type":"ListItem","position":2,"name":"\u00dcber uns","item":"https:\/\/medizentrum-eckert.de\/hno\/ueber-uns\/"},{"@type":"ListItem","position":3,"name":"Partner &amp; Mitgliedschaften"}]},{"@type":"WebSite","@id":"https:\/\/medizentrum-eckert.de\/hno\/#website","url":"https:\/\/medizentrum-eckert.de\/hno\/","name":"HNO","description":"","potentialAction":[{"@type":"SearchAction","target":{"@type":"EntryPoint","urlTemplate":"https:\/\/medizentrum-eckert.de\/hno\/?s={search_term_string}"},"query-input":"required name=search_term_string"}],"inLanguage":"de"}]}},"_links":{"self":[{"href":"https:\/\/medizentrum-eckert.de\/hno\/wp-json\/wp\/v2\/pages\/111"}],"collection":[{"href":"https:\/\/medizentrum-eckert.de\/hno\/wp-json\/wp\/v2\/pages"}],"about":[{"href":"https:\/\/medizentrum-eckert.de\/hno\/wp-json\/wp\/v2\/types\/page"}],"author":[{"embeddable":true,"href":"https:\/\/medizentrum-eckert.de\/hno\/wp-json\/wp\/v2\/users\/1"}],"replies":[{"embeddable":true,"href":"https:\/\/medizentrum-eckert.de\/hno\/wp-json\/wp\/v2\/comments?post=111"}],"version-history":[{"count":0,"href":"https:\/\/medizentrum-eckert.de\/hno\/wp-json\/wp\/v2\/pages\/111\/revisions"}],"up":[{"embeddable":true,"href":"https:\/\/medizentrum-eckert.de\/hno\/wp-json\/wp\/v2\/pages\/18"}],"wp:attachment":[{"href":"https:\/\/medizentrum-eckert.de\/hno\/wp-json\/wp\/v2\/media?parent=111"}],"curies":[{"name":"wp","href":"https:\/\/api.w.org\/{rel}","templated":true}]}}