{"id":2662,"date":"2016-11-28T10:45:55","date_gmt":"2016-11-28T09:45:55","guid":{"rendered":"https:\/\/augenzentrum-eckert.de\/?post_type=dt_testimonials&amp;p=2662"},"modified":"2016-11-28T10:45:55","modified_gmt":"2016-11-28T09:45:55","slug":"2662","status":"publish","type":"dt_testimonials","link":"https:\/\/medizentrum-eckert.de\/hno\/kundenstimmen\/2662\/","title":{"rendered":"Peter K."},"content":{"rendered":"<p>Ich wurde am 21.11.2016 im Augenzentrum  Dr. Eckert in Neu-Ulm operiert. Jetzt sind beide Augen fertig. Jetzt bin ich ohne Brille. F\u00fcr mich etwas ungew\u00f6hnlich bzw. gew\u00f6hnungsbed\u00fcrftig. Ab und zu lange ich nach der Brille, die gar nicht mehr da ist. Ich brauche jetzt h\u00f6chstens noch eine Brille f\u00fcr das Kleingedruckte. Jetzt habe ich wieder 100% Sehkraft auf beiden Augen. Die Vorbereitung, die Operation waren vorbildlich. Man braucht wirklich keine Angst haben. Ich sage Danke an das ganze Team.\ufeff<\/p>\n<p><a title=\"Youtube Kommentar Peter K.\" href=\"https:\/\/www.youtube.com\/watch?v=TWddppwC7SI&amp;lc=z13zzfyhglyihx1ix04cj3tqmq24tz4z3ok0k\" target=\"_blank\" rel=\"noopener noreferrer\">Bericht von Youtube-Kommentar<\/a><\/p>\n","protected":false},"excerpt":{"rendered":"<p>Ich wurde am 21.11.2016 im Augenzentrum Dr. Eckert in Neu-Ulm operiert. Jetzt sind beide Augen fertig. Jetzt bin ich ohne Brille. F\u00fcr mich etwas ungew\u00f6hnlich bzw. gew\u00f6hnungsbed\u00fcrftig. Ab und zu lange ich nach der Brille, die gar nicht mehr da ist. Ich brauche jetzt h\u00f6chstens noch eine Brille f\u00fcr das Kleingedruckte. Jetzt habe ich wieder&hellip;<\/p>\n","protected":false},"featured_media":0,"template":"","dt_testimonials_category":[5],"yoast_head":"<!-- This site is optimized with the Yoast SEO plugin v20.2.1 - https:\/\/yoast.com\/wordpress\/plugins\/seo\/ -->\n<title>Peter K. - HNO<\/title>\n<meta name=\"robots\" content=\"index, follow, max-snippet:-1, max-image-preview:large, max-video-preview:-1\" \/>\n<link rel=\"canonical\" href=\"https:\/\/medizentrum-eckert.de\/hno\/kundenstimmen\/2662\/\" \/>\n<meta property=\"og:locale\" content=\"de_DE\" \/>\n<meta property=\"og:type\" content=\"article\" \/>\n<meta property=\"og:title\" content=\"Peter K. - HNO\" \/>\n<meta property=\"og:description\" content=\"Ich wurde am 21.11.2016 im Augenzentrum Dr. Eckert in Neu-Ulm operiert. Jetzt sind beide Augen fertig. Jetzt bin ich ohne Brille. F\u00fcr mich etwas ungew\u00f6hnlich bzw. gew\u00f6hnungsbed\u00fcrftig. Ab und zu lange ich nach der Brille, die gar nicht mehr da ist. Ich brauche jetzt h\u00f6chstens noch eine Brille f\u00fcr das Kleingedruckte. Jetzt habe ich wieder&hellip;\" \/>\n<meta property=\"og:url\" content=\"https:\/\/medizentrum-eckert.de\/hno\/kundenstimmen\/2662\/\" \/>\n<meta property=\"og:site_name\" content=\"HNO\" \/>\n<meta name=\"twitter:card\" content=\"summary_large_image\" \/>\n<script type=\"application\/ld+json\" class=\"yoast-schema-graph\">{\"@context\":\"https:\/\/schema.org\",\"@graph\":[{\"@type\":\"WebPage\",\"@id\":\"https:\/\/medizentrum-eckert.de\/hno\/kundenstimmen\/2662\/\",\"url\":\"https:\/\/medizentrum-eckert.de\/hno\/kundenstimmen\/2662\/\",\"name\":\"Peter K. - HNO\",\"isPartOf\":{\"@id\":\"https:\/\/medizentrum-eckert.de\/hno\/#website\"},\"datePublished\":\"2016-11-28T09:45:55+00:00\",\"dateModified\":\"2016-11-28T09:45:55+00:00\",\"breadcrumb\":{\"@id\":\"https:\/\/medizentrum-eckert.de\/hno\/kundenstimmen\/2662\/#breadcrumb\"},\"inLanguage\":\"de\",\"potentialAction\":[{\"@type\":\"ReadAction\",\"target\":[\"https:\/\/medizentrum-eckert.de\/hno\/kundenstimmen\/2662\/\"]}]},{\"@type\":\"BreadcrumbList\",\"@id\":\"https:\/\/medizentrum-eckert.de\/hno\/kundenstimmen\/2662\/#breadcrumb\",\"itemListElement\":[{\"@type\":\"ListItem\",\"position\":1,\"name\":\"Startseite\",\"item\":\"https:\/\/medizentrum-eckert.de\/hno\/\"},{\"@type\":\"ListItem\",\"position\":2,\"name\":\"Testimonials\",\"item\":\"https:\/\/medizentrum-eckert.de\/hno\/kundenstimmen\/\"},{\"@type\":\"ListItem\",\"position\":3,\"name\":\"Peter K.\"}]},{\"@type\":\"WebSite\",\"@id\":\"https:\/\/medizentrum-eckert.de\/hno\/#website\",\"url\":\"https:\/\/medizentrum-eckert.de\/hno\/\",\"name\":\"HNO\",\"description\":\"\",\"potentialAction\":[{\"@type\":\"SearchAction\",\"target\":{\"@type\":\"EntryPoint\",\"urlTemplate\":\"https:\/\/medizentrum-eckert.de\/hno\/?s={search_term_string}\"},\"query-input\":\"required name=search_term_string\"}],\"inLanguage\":\"de\"}]}<\/script>\n<!-- \/ Yoast SEO plugin. -->","yoast_head_json":{"title":"Peter K. - HNO","robots":{"index":"index","follow":"follow","max-snippet":"max-snippet:-1","max-image-preview":"max-image-preview:large","max-video-preview":"max-video-preview:-1"},"canonical":"https:\/\/medizentrum-eckert.de\/hno\/kundenstimmen\/2662\/","og_locale":"de_DE","og_type":"article","og_title":"Peter K. - HNO","og_description":"Ich wurde am 21.11.2016 im Augenzentrum Dr. Eckert in Neu-Ulm operiert. Jetzt sind beide Augen fertig. Jetzt bin ich ohne Brille. F\u00fcr mich etwas ungew\u00f6hnlich bzw. gew\u00f6hnungsbed\u00fcrftig. Ab und zu lange ich nach der Brille, die gar nicht mehr da ist. Ich brauche jetzt h\u00f6chstens noch eine Brille f\u00fcr das Kleingedruckte. Jetzt habe ich wieder&hellip;","og_url":"https:\/\/medizentrum-eckert.de\/hno\/kundenstimmen\/2662\/","og_site_name":"HNO","twitter_card":"summary_large_image","schema":{"@context":"https:\/\/schema.org","@graph":[{"@type":"WebPage","@id":"https:\/\/medizentrum-eckert.de\/hno\/kundenstimmen\/2662\/","url":"https:\/\/medizentrum-eckert.de\/hno\/kundenstimmen\/2662\/","name":"Peter K. - HNO","isPartOf":{"@id":"https:\/\/medizentrum-eckert.de\/hno\/#website"},"datePublished":"2016-11-28T09:45:55+00:00","dateModified":"2016-11-28T09:45:55+00:00","breadcrumb":{"@id":"https:\/\/medizentrum-eckert.de\/hno\/kundenstimmen\/2662\/#breadcrumb"},"inLanguage":"de","potentialAction":[{"@type":"ReadAction","target":["https:\/\/medizentrum-eckert.de\/hno\/kundenstimmen\/2662\/"]}]},{"@type":"BreadcrumbList","@id":"https:\/\/medizentrum-eckert.de\/hno\/kundenstimmen\/2662\/#breadcrumb","itemListElement":[{"@type":"ListItem","position":1,"name":"Startseite","item":"https:\/\/medizentrum-eckert.de\/hno\/"},{"@type":"ListItem","position":2,"name":"Testimonials","item":"https:\/\/medizentrum-eckert.de\/hno\/kundenstimmen\/"},{"@type":"ListItem","position":3,"name":"Peter K."}]},{"@type":"WebSite","@id":"https:\/\/medizentrum-eckert.de\/hno\/#website","url":"https:\/\/medizentrum-eckert.de\/hno\/","name":"HNO","description":"","potentialAction":[{"@type":"SearchAction","target":{"@type":"EntryPoint","urlTemplate":"https:\/\/medizentrum-eckert.de\/hno\/?s={search_term_string}"},"query-input":"required name=search_term_string"}],"inLanguage":"de"}]}},"_links":{"self":[{"href":"https:\/\/medizentrum-eckert.de\/hno\/wp-json\/wp\/v2\/dt_testimonials\/2662"}],"collection":[{"href":"https:\/\/medizentrum-eckert.de\/hno\/wp-json\/wp\/v2\/dt_testimonials"}],"about":[{"href":"https:\/\/medizentrum-eckert.de\/hno\/wp-json\/wp\/v2\/types\/dt_testimonials"}],"wp:attachment":[{"href":"https:\/\/medizentrum-eckert.de\/hno\/wp-json\/wp\/v2\/media?parent=2662"}],"wp:term":[{"taxonomy":"dt_testimonials_category","embeddable":true,"href":"https:\/\/medizentrum-eckert.de\/hno\/wp-json\/wp\/v2\/dt_testimonials_category?post=2662"}],"curies":[{"name":"wp","href":"https:\/\/api.w.org\/{rel}","templated":true}]}}

<p>Ich wurde am 21.11.2016 im Augenzentrum  Dr. Eckert in Neu-Ulm operiert. Jetzt sind beide Augen fertig. Jetzt bin ich ohne Brille. Für mich etwas ungewöhnlich bzw. gewöhnungsbedürftig. Ab und zu lange ich nach der Brille, die gar nicht mehr da ist. Ich brauche jetzt höchstens noch eine Brille für das Kleingedruckte. Jetzt habe ich wieder 100% Sehkraft auf beiden Augen. Die Vorbereitung, die Operation waren vorbildlich. Man braucht wirklich keine Angst haben. Ich sage Danke an das ganze Team.﻿</p>
<p><a title="Youtube Kommentar Peter K." href="https://www.youtube.com/watch?v=TWddppwC7SI&amp;lc=z13zzfyhglyihx1ix04cj3tqmq24tz4z3ok0k" target="_blank" rel="noopener noreferrer">Bericht von Youtube-Kommentar</a></p>

<p>Ich wurde am 21.11.2016 im Augenzentrum Dr. Eckert in Neu-Ulm operiert. Jetzt sind beide Augen fertig. Jetzt bin ich ohne Brille. Für mich etwas ungewöhnlich bzw. gewöhnungsbedürftig. Ab und zu lange ich nach der Brille, die gar nicht mehr da ist. Ich brauche jetzt höchstens noch eine Brille für das Kleingedruckte. Jetzt habe ich wieder&hellip;</p>

<!-- This site is optimized with the Yoast SEO plugin v20.2.1 - https://yoast.com/wordpress/plugins/seo/ -->
<title>Peter K. - HNO</title>
<meta name="robots" content="index, follow, max-snippet:-1, max-image-preview:large, max-video-preview:-1" />
<link rel="canonical" href="https://medizentrum-eckert.de/hno/kundenstimmen/2662/" />
<meta property="og:locale" content="de_DE" />
<meta property="og:type" content="article" />
<meta property="og:title" content="Peter K. - HNO" />
<meta property="og:description" content="Ich wurde am 21.11.2016 im Augenzentrum Dr. Eckert in Neu-Ulm operiert. Jetzt sind beide Augen fertig. Jetzt bin ich ohne Brille. Für mich etwas ungewöhnlich bzw. gewöhnungsbedürftig. Ab und zu lange ich nach der Brille, die gar nicht mehr da ist. Ich brauche jetzt höchstens noch eine Brille für das Kleingedruckte. Jetzt habe ich wieder&hellip;" />
<meta property="og:url" content="https://medizentrum-eckert.de/hno/kundenstimmen/2662/" />
<meta property="og:site_name" content="HNO" />
<meta name="twitter:card" content="summary_large_image" />
<script type="application/ld+json" class="yoast-schema-graph">{"@context":"https://schema.org","@graph":[{"@type":"WebPage","@id":"https://medizentrum-eckert.de/hno/kundenstimmen/2662/","url":"https://medizentrum-eckert.de/hno/kundenstimmen/2662/","name":"Peter K. - HNO","isPartOf":{"@id":"https://medizentrum-eckert.de/hno/#website"},"datePublished":"2016-11-28T09:45:55+00:00","dateModified":"2016-11-28T09:45:55+00:00","breadcrumb":{"@id":"https://medizentrum-eckert.de/hno/kundenstimmen/2662/#breadcrumb"},"inLanguage":"de","potentialAction":[{"@type":"ReadAction","target":["https://medizentrum-eckert.de/hno/kundenstimmen/2662/"]}]},{"@type":"BreadcrumbList","@id":"https://medizentrum-eckert.de/hno/kundenstimmen/2662/#breadcrumb","itemListElement":[{"@type":"ListItem","position":1,"name":"Startseite","item":"https://medizentrum-eckert.de/hno/"},{"@type":"ListItem","position":2,"name":"Testimonials","item":"https://medizentrum-eckert.de/hno/kundenstimmen/"},{"@type":"ListItem","position":3,"name":"Peter K."}]},{"@type":"WebSite","@id":"https://medizentrum-eckert.de/hno/#website","url":"https://medizentrum-eckert.de/hno/","name":"HNO","description":"","potentialAction":[{"@type":"SearchAction","target":{"@type":"EntryPoint","urlTemplate":"https://medizentrum-eckert.de/hno/?s={search_term_string}"},"query-input":"required name=search_term_string"}],"inLanguage":"de"}]}</script>
<!-- / Yoast SEO plugin. -->

Ich wurde am 21.11.2016 im Augenzentrum Dr. Eckert in Neu-Ulm operiert. Jetzt sind beide Augen fertig. Jetzt bin ich ohne Brille. Für mich etwas ungewöhnlich bzw. gewöhnungsbedürftig. Ab und zu lange ich nach der Brille, die gar nicht mehr da ist. Ich brauche jetzt höchstens noch eine Brille für das Kleingedruckte. Jetzt habe ich wieder&hellip;
